 8*x(o). Let l be 0 + 6*(1 - 2). What is f(l)?
1
Let b(w) = 5*w - 2. Let o(f) = -34*f + 74. Let m(u) = 8*b(u) + o(u). Give m(-10).
-2
Suppose 31 = 4*v + l + 4*l, 17 = 5*v - l. Let y(f) = -9*f**3 - f**2 + 6*f + 1. Let r(a) = 9*a**3 + a**2 - 5*a - 1. Let c(i) = v*y(i) + 5*r(i). Calculate c(-1).
-8
Let s(h) = -8*h - 3. Let t(y) = -10*y - 4. Let q(j) = -4*s(j) + 3*t(j). Calculate q(-3).
-6
Let d(i) = 4*i - 3. Let h(o) = -o - 8. Let v be h(-13). Suppose 0*n - v = n. Let q be ((-24)/(-15) + -2)*n. Give d(q).
5
Let f(n) = 1 - 5*n + 17*n + n - n**2 - 15*n**3 - 12*n. Give f(-1).
14
Let l(s) = -7*s - s + 9 + 6*s + s - 4. What is l(2)?
3
Let p = -8 + 12. Let i(l) = l + 3. Let a(w) = w + 4. Let c(f) = 3*a(f) - 4*i(f). Give c(p).
-4
Let i = 93 + -90. Let s(z) = z**3 - 3*z**2 + z - 3. What is s(i)?
0
Let y = -28 + 32. Let r(t) = 6*t - 4 + y + 1. What is r(-1)?
-5
Let m(t) = -t**3 + 8*t**2 - 7*t + 5. Suppose 0 = -22*a + 67 + 43. Let l(z) = z**3 - z**2 + z + 43. Let n be l(0). Suppose a*v - n = -8. Determine m(v).
5
Let x be (2/(-5))/((-2)/20). Let n be (1 - 3/2)*x. Let b(r) = -145 + 422 - 138 - 141 - r. Determine b(n).
0
Let t(c) = -4*c + 3. Let j be (-13)/((-78)/(-12)) - -5. Calculate t(j).
-9
Let l(m) = -m**3 - 4*m**2 + 3. Let r be l(-4). Let x(t) = 1 - 5 + t**3 - 2154*t + 2152*t - 2*t**2. What is x(r)?
-1
Let z be (12/(-10))/(21/(-35)). Let a(t) = 65 - 67 - 5*t + 2*t + t**z. Let s be 6/(-4)*(-30)/9. What is a(s)?
8
Let a(t) = t - 2. Suppose 0 = -14*i + 30*i - 208. Suppose 6 = 5*o + 1. Let p be (0 + o)*(18 - i). Give a(p).
3
Let q(b) = 0 + 3 - 12*b - 358*b**2 + 357*b**2. Give q(-14).
-25
Let k = -92 + 99. Let d(x) = -k - 3 + 9 - 9*x. Determine d(1).
-10
Suppose 10 - 12 = n. Let z be 34 - 27 - ((-2)/n - -1). Let w(f) = f**3 - 4*f**2 - 6*f + 6. Calculate w(z).
1
Let k be 1/((3/(-2))/3). Let i(q) be the first derivative of q**6/60 + q**5/30 + q**4/12 - 7*q**2/2 - 3. Let a(u) be the second derivative of i(u). Give a(k).
-12
Let q(d) be the second derivative of d**5/20 - d**4/2 - d**3/6 + 3*d**2/2 - 7*d. Let i be 3 + 6 + (-9)/3. What is q(i)?
-3
Let t(z) = -z - 1. Let v(s) be the third derivative of s**5/60 - s**4/3 - 2*s**3/3 + 37*s**2. Let o be v(8). Give t(o).
3
Let u(c) = -5*c - 3. Let x(q) = q**2 - 10*q + 13. Let h be x(9). Suppose -5*a - h*n + 32 = 0, a - n = 4*a - 15. What is u(a)?
-23
Let v(s) = 2*s + 10. Let m(i) = -i**2 + 5*i - 3. Let l be m(2). Let b be -8 + l + -4 - -1. Let n be v(b). Let u(t) = -t**2 - 7*t - 7. Determine u(n).
-1
Let m(z) = -z**2 - z. Let f(x) = 5*x**2 - 2*x - 7. Let y(c) = -f(c) - 4*m(c). Suppose 18 = 3*r - 0*r. What is y(r)?
7
Let t be 0/(-3) + (-7 - -1). Let i be 36/(-27)*1*(-9)/6. Let u be i + -2 - t/2. Let p(l) = -l**3 + 2*l**2 + 3*l - 3. Calculate p(u).
-3
Let g(h) = -20*h**3 - 32*h**2 + 4*h + 27. Let x(l) = 7*l**3 + 11*l**2 - l - 9. Let v(z) = 6*g(z) + 17*x(z). Calculate v(-6).
3
Let r = -606 + 606. Let p(x) be the third derivative of -5/3*x**3 + 1/120*x**6 + 7/60*x**5 + 0*x + 3*x**2 + r - 1/24*x**4. Determine p(-7).
-3
Let r(p) = 11*p**2 + 7*p + 10*p**2 + 2*p - 20*p**2 - 2*p + 17. Determine r(-5).
7
Let i(k) = 5 - 2*k**3 - 2*k**3 - 4*k**3 + 7*k**3 - 13*k**2 + 14*k. Give i(-14).
5
Let d = 256 + -258. Let g(q) = 3*q**2 + q - 2. Determine g(d).
8
Let n(t) = -t**2 + t. Let q(l) = -5*l**2 + 5*l - 1. Let f(d) = 6*n(d) - q(d). Suppose 15 = -2*z - 15. Let m be (4/3)/(10/z). Give f(m).
-5
Let w(n) = 44 + 126*n + 125*n - 249*n. Let j be w(-19). Let t(k) = k**3 - 7*k**2 + 7*k - 9. Calculate t(j).
-3
Let t(s) = s - 2. Let r(v) = -v**2 + 4*v - 4. Let q be r(12). Let h be (-14)/(-5) - 20/q. What is t(h)?
1
Let k(o) = 4*o - 5. Suppose p + 2 = 0, 8 = 2*n + 2*p - 3*p. What is k(n)?
7
Suppose 1 = -3*d - 20. Let q(w) = -w**2 + 5*w - 12. Let r(p) = 3*p**2 - 11*p + 27. Let t(m) = -5*q(m) - 2*r(m). What is t(d)?
-22
Let a(s) = -2 - 5*s**2 - 4*s**2 + s + 12*s**2 + s. Let l = -1 - -6. Suppose 5*z + 25 = -5*w, l = -3*z + w + 2. Calculate a(z).
6
Let m(f) = 1 - 289*f - 5*f**3 + 6*f**3 - 6*f**2 - 3 + 293*f. Determine m(2).
-10
Let q(w) = w**3 + 5*w**2 + w + 2. Suppose 3*r = -4*h + 2*h + 126, -r + 3*h + 31 = 0. Suppose -9*v = -v + r. What is q(v)?
-3
Suppose -4*p - 9*l + 11*l - 10 = 0, l - 17 = 5*p. Let i(t) = -t**2 - 8*t - 15. Give i(p).
1
Let r(x) = 2*x + 1. Let v be r(-6). Let m = 316 - 309. Let j = m + v. Let p(w) = -w**3 - 6*w**2 - 6*w. Calculate p(j).
-8
Let s(o) = -o**2 + 10*o - 3. Let p be s(10). Let z(y) = 11*y**2 - 23*y + 14. Let a(j) = -4*j**2 + 8*j - 5. Let d(l) = p*z(l) - 8*a(l). Give d(2).
4
Suppose 3*n + 8 = -3*k + 32, 5*k = -2*n + 40. Let p be -4 + k - (0 + -1). Let o(f) be the first derivative of -f**2/2 + 3. Give o(p).
-5
Let u(w) = -w**2 + 2*w + 1. Let m = 2 - 4. Let t be 7 - (8/(-2))/m. Suppose -5*p - 13 = -5*k - 3, -p = -t*k + 6. Give u(p).
-2
Let l be ((-6)/4)/((-12)/128). Let a be 4/(l/12) - 3. Suppose a = w + w. Let z(v) = v**2 + 7. Determine z(w).
7
Let r(v) = 6*v**2 + v - 13. Let p(d) = 8*d**2 + d - 15. Let n(g) = 6*p(g) - 7*r(g). Calculate n(-1).
8
Let t = 256 - 256. Let f(a) = -a**3 + a - 4. What is f(t)?
-4
Let m(u) = u - 4. Let j(n) = 3*n**2 - 3*n - 1. Let t be j(-2). Let p(q) = q**3 - 17*q**2 + 4. Let r be p(t). Calculate m(r).
0
Let r = 24 + 12. Suppose -2*y + 4*x - 4 = -0*x, 2*y - r = -4*x. Let j(b) = b**3 - 7*b**2 - 9*b - 9. Give j(y).
-17
Let r(g) = g**2 + 45*g + 200. Let q be r(-40). Let k(o) = -o + 8. Determine k(q).
8
Let b(q) = -3*q - 11. Let n(r) = r + 12. Let z(x) = -3*b(x) - 4*n(x). Calculate z(12).
45
Let v(q) = q**3 - 4*q - 4. Suppose -33 = -0*n + 11*n. Calculate v(n).
-19
Let v be ((-2)/4)/((-5)/(-10)). Let w(i) = -32*i**2 - 4*i + 7. Let k(o) = -36*o**2 - 5*o + 8. Let z(y) = 6*k(y) - 7*w(y). Give z(v).
9
Let s(f) = -f**3 + 6*f**2 - 2*f + 6. Let d = -478 + 483. Determine s(d).
21
Let r(x) = -4*x - 15. Suppose 15 = -6*j - 51. Let n(t) = -6*t - 12. Let c(f) = -7*f - 13. Let l(g) = -4*c(g) + 5*n(g). Let s(o) = j*l(o) + 6*r(o). Give s(5).
-12
Let o(x) = x**2 + 28*x + 132. Let m be o(-6). Let c(a) be the third derivative of -4*a**2 + 1/120*a**6 + 0 + m*a**4 + 1/15*a**5 + 1/2*a**3 + 0*a. What is c(-4)?
3
Let k(v) = 3*v - 1. Suppose 0 = -11*b + 6*b + f + 18, 5*f + 15 = 0. Let w(j) = -j**3 + 4*j**2 - 2*j - 3. Let t be w(b). Suppose t = -2*h + 1 + 1. Give k(h).
2
Let v(s) = 1 + 2*s + 14*s + 7*s + 2*s - 24*s. Calculate v(4).
5
Let n = 606 + -613. Let c(t) be the third derivative of t**4/12 + 5*t**3/6 + 2*t**2. Calculate c(n).
-9
Let l(q) = 3*q**3 + 8*q**2 + 2*q + 20. Let y(b) = b**3 + 4*b**2 + b + 9. Let w(d) = 2*l(d) - 5*y(d). Determine w(5).
15
Let a(d) = -d**2 - 7*d + 13. Let i be a(-8). Let l = 13 - i. Let x(g) = 0*g**3 + l + 7*g - 53*g**2 + 48*g**2 - g**3. Give x(-6).
2
Let v(q) = -3*q + 30. Let n be 151*(-2)/(-18) - 10/(-45). Let o(x) = x - 10. Let i(j) = n*o(j) + 6*v(j). Calculate i(8).
2
Let r(o) = -13 - o**3 - 7*o - 18*o**2 + 5*o + 7*o - 6*o. Let p be r(-18). Let z(n) = n**3 - 6*n**2 + 8*n - 4. Give z(p).
11
Let p(o) = 2*o**2 + 10*o + 4. Suppose 121 = -17*v + 36. Determine p(v).
4
Let q(g) be the third derivative of -1/6*g**3 + 0 + 0*g + 13*g**2 - 1/24*g**4. What is q(1)?
-2
Let o(a) be the second derivative of -a**3/3 + 11*a**2/2 - 4*a + 1. What is o(-8)?
27
Let q = 325 - 322. Let u(h) = -2*h**2 + 2*h - 1. Determine u(q).
-13
Let f(c) be the first derivative of -c**5/20 - 2*c**4/3 - 4*c**3/3 - 2*c**2 - 5*c - 40. Let g(n) be the first derivative of f(n). What is g(-7)?
3
Let j(s) be the first derivative of s**3/3 - 7*s**2 - 9*s + 238. What is j(15)?
6
Let h(f) = 289*f**3 + f**2 - 288*f**3 + 4*f**2 - 2 - 5*f. Give h(-6).
-8
Let a(z) = -z + 3. Suppose 0 = 5*k - 3*s - 25 + 4, 0 = 3*k - 3*s - 9. Let n = k + -4. Suppose p + 3*p = 2*q + 16, p = n. What is a(q)?
7
Let g(j) = j**3 - 6*j**2 + 4*j + 3. Let r = -7 - -10. Let q(s) = 3*s - 5. Let y be q(r). What is g(y)?
-13
Let y(o) = o**3 - 7*o**2 - 3*o - 10. Let a be ((-2)/3)/(2 - (-175)/(-84)). Determine y(a).
30
Let m = -12 - -14. Let p(y) = 4*y**3 - 7*y**m - 5*y**3 - 48*y + 45*y + 8. Let f = -12 + 6. Calculate p(f).
-10
Let k(l) = 10 + 2*l - 4 - 6 - 5. Determine k(-8).
-21
Let c(o) = o**3 + 3*o**2 - 7*o - 5. Let v be c(-4). Let f = v - 13. Let p(n) = 6*n + 9 - 1 + 13*n**2 - 2 - 12*n**2. Give p(f).
6
Let f(p) = -p**2 - 11*p + 15. Let d be f(-12). Suppose 0 = 3*v